 is 1 + 632dc4?
632dc5
In base 14, what is d1 + 1c5239?
1c532a
In base 13, what is 32c34 - -cb?
33032
In base 5, what is 0 - -310202024?
310202024
In base 2, what is -10101000 - -100101110110110110?
100101110100001110
In base 11, what is -80242430 + -4?
-80242434
In base 3, what is 22 + -2010012201021?
-2010012200222
In base 2, what is 100101111 + -10100011000100?
-10011110010101
In base 15, what is 3 - -5b32e9d?
5b32ea1
In base 12, what is 183 + 150425?
1505a8
In base 7, what is -1 + -16265313?
-16265314
In base 8, what is 1000657 + 310?
1001167
In base 5, what is 12242 - -23222412?
23240204
In base 14, what is -33 + 2ca1a9?
2ca176
In base 10, what is -1288 + -1414?
-2702
In base 5, what is 11 - -2010410443?
2010411004
In base 11, what is 1141534 - 1?
1141533
In base 14, what is -8c905 - -45?
-8c8a0
In base 7, what is 134450160 - -61?
134450251
In base 13, what is 1 - 455736?
-455735
In base 14, what is 31 + -4640d5?
-4640a4
In base 14, what is -3 - -c6b0a7?
c6b0a4
In base 3, what is -2111212002020 - 200?
-2111212002220
In base 10, what is -47634 + 6823?
-40811
In base 15, what is 5 + -d711e1?
-d711db
In base 9, what is -42 + 154534?
154482
In base 11, what is 14a94a5 + 182?
14a9677
In base 4, what is -31333100232 + 332?
-31333033300
In base 11, what is -1 - -17489a23?
17489a22
In base 3, what is -12000221 + 11112202?
-111012
In base 14, what is -1a + 94d67?
94d4b
In base 7, what is -5 - 12246036?
-12246044
In base 2, what is 1000011100011110 + 101101101111100?
1110001010011010
In base 2, what is 110001001111110110111 - 101?
110001001111110110010
In base 4, what is -32103031 + 331?
-32102100
In base 2, what is 101101110111 + 101010110101101011?
101011100011100010
In base 7, what is 226 - -605661?
606220
In base 13, what is 2c3 - 9403?
-9110
In base 3, what is -102202201002102 + -1?
-102202201002110
In base 2, what is 10 + 11111011000000100011011?
11111011000000100011101
In base 8, what is -3 + -71741255?
-71741260
In base 7, what is 3502 - -10263?
14065
In base 5, what is 100432201 - 31?
100432120
In base 9, what is -14 + 11555764?
11555750
In base 11, what is -309753a - -3?
-3097537
In base 15, what is -44344 + 56?
-442dd
In base 16, what is 4 + 5676495?
5676499
In base 9, what is 6782 + 1511?
8403
In base 9, what is -888456 - 435?
-1000002
In base 7, what is 13 + -5230546?
-5230533
In base 2, what is 100011111001 + -1101110000?
10110001001
In base 9, what is -276713 - -1507?
-275205
In base 11, what is -1461 + 12460?
10aaa
In base 14, what is -5375 - a5a?
-5dd1
In base 16, what is e + accad?
accbb
In base 7, what is 61420 + 240?
61660
In base 6, what is 1 - -240243432?
240243433
In base 6, what is -342 - -31245154?
31244412
In base 6, what is 20344 + -2314?
14030
In base 3, what is -1 + 110001220112120?
110001220112112
In base 5, what is 40040 + -101424?
-11334
In base 12, what is 3959 - 81b39?
-7a1a0
In base 11, what is 39515 - -93?
395a8
In base 6, what is -3123445 - 243?
-3124132
In base 7, what is -2 - 1113415300?
-1113415302
In base 14, what is 11c - -1205a?
12178
In base 16, what is -1b8 + -366a?
-3822
In base 3, what is 12020000102 + -1011?
12012222021
In base 5, what is 3041142 - 10430?
3030212
In base 11, what is -2 + -a2882a9?
-a288300
In base 13, what is -2100 - -19ca?
-403
In base 15, what is 2 + 472016?
472018
In base 13, what is 12882 - 5a9?
122a6
In base 3, what is -100201022 - -20111002?
-10020020
In base 7, what is 162 - -153530?
154022
In base 6, what is -55 - -40254032?
40253533
In base 2, what is -1111110110100011 + 10010101001?
-1111100011111010
In base 3, what is -20202021112 + -10020120?
-20212112002
In base 5, what is -1013211231 - 3?
-1013211234
In base 6, what is 3 - -13111105035?
13111105042
In base 14, what is aad40 - -40?
aad80
In base 13, what is -1c0b0 - -12?
-1c09b
In base 11, what is 1 - -36285024?
36285025
In base 15, what is 69 - 4a9d?
-4a34
In base 11, what is -4 - -30455955?
30455951
In base 3, what is 2200 - -1001011112?
1001021012
In base 14, what is 16ccb - 16c1?
1560a
In base 9, what is -40712053 + 1?
-40712052
In base 4, what is -203101 + -203033103?
-203302210
In base 8, what is -30151447 - 5?
-30151454
In base 4, what is 100200331310 - 1?
100200331303
In base 11, what is a263697 + 16?
a263702
In base 3, what is -10012010221222 - -20010?
-10012010201212
In base 9, what is -237 + 13765?
13527
In base 15, what is e2a68 - 1?
e2a67
In base 5, what is 4034144 + -3?
4034141
In base 14, what is -c - -7c32?
7c24
In base 10, what is 125 + 83364?
83489
In base 14, what is 11 - -21b54c2?
21b54d3
In base 10, what is 23554665 + -2?
23554663
In base 8, what is -657 - 755650?
-756527
In base 7, what is 11213 - 22333?
-11120
In base 2, what is -110000100010111010000 + -10000?
-110000100010111100000
In base 9, what is -116 - 53206?
-53323
In base 7, what is -54564 - -200565?
113001
In base 8, what is 271333 - -125?
271460
In base 10, what is 1 - 322308?
-322307
In base 10, what is 1624 - 413080?
-411456
In base 13, what is 2340 + -1888?
785
In base 12, what is -3 + -20a50b85?
-20a50b88
In base 13, what is -3 - 1825331?
-1825334
In base 3, what is 22022221211211 + -2020?
22022221202121
In base 13, what is 4 - -6815839?
6815840
In base 3, what is 20 + -201011201000020?
-201011201000000
In base 13, what is 12 + aa0cb4?
aa0cc6
In base 9, what is 353743 + 148?
354002
In base 8, what is 4 + -1667217664?
-1667217660
In base 11, what is 13607 + -a05?
12702
In base 9, what is -7 - -48204642?
48204634
In base 4, what is -11 - 230030202?
-230030213
In base 10, what is 690 + -6834?
-6144
In base 3, what is 12 + 22100020020002222?
22100020020010011
In base 15, what is 1537a2c + -5?
1537a27
In base 5, what is -2020442 - 24422?
-2100414
In base 2, what is 110011010001101110110110010 - -100?
110011010001101110110110110
In base 10, what is 34834 + -244?
34590
In base 8, what is 27375 - 13066?
14307
In base 9, what is -7426026 + -3?
-7426030
In base 2, what is -1 - -1101000111011111101101?
1101000111011111101100
In base 11, what is 10 + -335089?
-335079
In base 13, what is -7159 - -3226?
-3c33
In base 15, what is 3 - 2975ea6?
-2975ea3
In base 10, what is 31890 + 594?
32484
In base 15, what is 171 + -bc515?
-bc394
In base 9, what is -1006434 + -1500?
-1008034
In base 10, what is -6527 + -12194?
-18721
In base 10, what is 47575 - 5539?
42036
In base 10, what is -28 + -2321645?
-2321673
In base 5, what is -2012241214 - 2?
-2012241221
In base 16, what is -2a02 - -f91a?
cf18
In base 10, what is 40416448 + 4?
40416452
In base 5, what is 144340223234 + -12?
144340223222
In base 3, what is -202 + 10220021122210?
10220021122001
In base 16, what is -1039 + 29a1f?
289e6
In base 16, what is -2a8 - 390?
-638
In base 14, what is -c6212 - 3?
-c6215
In base 2, what is -1111001010001 + -100101011101?
-10011110101110
In base 11, what is 1181 + a3370?
a4541
In base 5, what is -1423003 - -40?
-1422413
In base 14, what is 4c - 13b1a?
-13aac
In base 2, what is -10010001001 - 11010111011010111?
-11011001101100000
In base 5, what is -4 - 121141131333?
-121141131342
In base 9, what is 0 + 5346671?
5346671
In base 7, what is 0 - 4013330?
-4013330
In base 13, what is 5 + -cbaa2?
-cba9a
In base 9, what is 36546 - -661?
37317
In base 15, what is -8415 + 4e6?
-7e1e
In base 12, what is 2914912a + 5?
29149133
In base 4, what is -112322230 - 1001?
-112323231
In base 3, what is -110101222010112 - 12?
-110101222010201
In base 13, what is -1a - 150838?
-150855
In base 2, what is -1011101001000000101 - -110101111?
-1011101000001010110
In base 3, what is 2112001 + -1011?
2110220
In base 15, what is 696d7 - 2ca?
6940c
In base 10, what is 1396 - 15791?
-14395
In base 4, what is 2122 + -2101312?
-2033130
In base 7, what is -4021 - -23155?
16134
In base 15, what is -52a7 - a7?
-535e
In base 10, what is 6026 + -514?
5512
In base 16, what is -800583 + 9?
-80057a
In base 9, what is -184130 + 6855?
-176164
In base 3, what is 11 + 2021000010220?
2021000011001
In base 6, what is -530243013 - -40?
-530242533
In base 8, what is 104730 - 34?
104674
In base 12, what is 5489 - 532?
4b57
In base 9, what is -2 + 62585281?
62585278
In base 16, what is -6d84 - -eb?
-6c99
In base 5, what is 13302210212 - -23?
13302210240
In base 11, what is 7891573 - 2?
7891571
In base 11, what is -21